{"id":100,"date":"2023-06-08T21:30:30","date_gmt":"2023-06-08T19:30:30","guid":{"rendered":"http:\/\/galeriesuzannemichel.fr\/?page_id=100"},"modified":"2026-02-19T21:23:00","modified_gmt":"2026-02-19T20:23:00","slug":"expositions","status":"publish","type":"page","link":"https:\/\/galeriesuzannemichel.fr\/?page_id=100","title":{"rendered":"expositions"},"content":{"rendered":"\n<p>Expositions \u00e0 la Galerie Suzanne Michel  de 1950 \u00e0 1955<\/p>\n\n\n\n<p><strong>1950,<\/strong> du 28 juin au 19 juillet<br>Paul Cognasse,<\/p>\n\n\n\n<p><strong>1951,<\/strong><br>Fabris Tristan, exposition personnelle de peinture abstraites<\/p>\n\n\n\n<p><strong>1951,<\/strong><br>Vanber (Albert Voisin) premiers collages d\u2019affiches lac\u00e9r\u00e9es<br>Artiste de la galerie de 1953 \u00e0 1957<\/p>\n\n\n\n<p><strong>1951,<\/strong> du 15 au 30 juin<br>Atelier Metzinger <br><em>carton d&rsquo;invitation au vernissage <\/em><\/p>\n\n\n\n<p><strong>1951,<\/strong>&nbsp;du 19 d\u00e9cembre au 12 janvier 1952<br>Exposition \u00ab&nbsp;Espace-Lumi\u00e8re&nbsp;\u00bb, Carmelo Arden Quin, J\u00e9sus Rafael Soto, Alejandro Otero, Luis Guevara Moreno, Ruben Nunez, Pardo, Jack Youngerman, Jeanne Kosnick-Kloss.<br><em>affiche de l&rsquo;expo, Art d\u2019aujourd\u2019hui, s\u00e9rie 3 n\u00b03 et 4, fevrier-mars 1952<\/em><\/p>\n\n\n\n<p><strong>1952,<\/strong><br>Groupe MADI, Guy-Claude Lerein,&nbsp;Erminy, Georges Koskas, Omar Carreno, Luis Guevara Moreno, Guy-Claude Lerein, J\u00e9sus Rafael Soto<\/p>\n\n\n\n<p><strong>1952,<\/strong>&nbsp;avril<br>Jean Pons, toiles abstraites avec ellipses et cocottes<\/p>\n\n\n\n<p><strong>1952,<\/strong>&nbsp;du 2 au 18 mai<br>r\u00e9trospective sur le Cubisme, Le bateau Lavoir,<br>Peintures, gravures et dessins de Picasso, Juan Gris, Max Jacob, Apollinaire, Georges Braque, Sonia Delaunay, Auguste Herbin, Gleizes, L\u00e9ger, Andr\u00e9 Lhote, Marcoussis, Metzinger, Picabia, Valmier, La Fresnaye, Marie Laurencin, Villon.<br><em>article de Roger Van Gindertael, Art d\u2019aujourd\u2019hui, s\u00e9rie 3 n\u00b05, juin 1952<\/em><\/p>\n\n\n\n<p><strong>1952,<\/strong>&nbsp;du 16 d\u00e9cembre au 10 janvier 1953<br>exposition de peintures, gravures et dessins de Duvillier, Fahrelnissa Zeid, Lapique, Laviolle, Marcelle Loubchansky, Messagier, Nejad, Serge Poliakoff, Jean Pons.<br><em>carton d&rsquo;invitation vernissage 1952<\/em><\/p>\n\n\n\n<p><strong>1953,<\/strong>&nbsp;du 13 janvier au 10 f\u00e9vrier<br>Ren\u00e9 Audeb\u00e8s, Claude Augereau, Paul Lambert, H\u00e9l\u00e8ne Ranger.<br><em>annonce dans Art d\u2019aujourd\u2019hui s\u00e9rie 4 n\u00b02, mars 1953&nbsp;<\/em><\/p>\n\n\n\n<p><strong>1953,<\/strong>&nbsp;du 12 au 23 f\u00e9vrier<br>artistes MADI&nbsp;; Volf Roitman, Guy-Claude L\u00e9rein, Pierre Alexandre, Georges Sallaz<\/p>\n\n\n\n<p><strong>1953,<\/strong>&nbsp;du 3 au 21 mars<br>Constant, Stephen Gilbert, Claude Goulet, Jean Pons, Selim Turan, Fran\u00e7ois Willi Wendt, Jocelyn Chewett&nbsp;;<br><em>annonce dans Art d\u2019aujourd\u2019hui s\u00e9rie 4 n\u00b02, mars 1953&nbsp;&nbsp;<\/em><\/p>\n\n\n\n<p><strong>1953,&nbsp;<\/strong>du 29 avril au 16 mai<br>Sonia Delaunay, exposition \u00ab\u00a0Evolution\u00a0\u00bb<\/p>\n\n\n\n<p><strong>1953,<\/strong>&nbsp;mai<br>Fred Thieler<br><em>annonce dans Art d\u2019aujourd\u2019hui s\u00e9rie 4 n\u00b03 et 4, mai-juin 1953&nbsp;&nbsp;<\/em><br><em>article de Herta Wescher, Art d\u2019aujourd\u2019hui s\u00e9rie 4 n\u00b05, juillet 1953<\/em><\/p>\n\n\n\n<p><strong>1953,<\/strong>&nbsp;du 16 au 30 juin<br>Marcelle Cahn, Michel Leroy, Henri Olive-Tamari, Robert Fonten\u00e9, Mary Webb, Marcel Lempereur-haut, Gilbert Besan\u00e7on.<br><em>annonce dans Art d\u2019aujourd\u2019hui s\u00e9rie 4 n\u00b05, juillet 1953<\/em><\/p>\n\n\n\n<p><strong>1953,&nbsp;<\/strong>du 6 au 24 octobre<br>Vanber<br><em>carton d&rsquo;invitation au vernissage adress\u00e9 \u00e0 Sonia Delaunay&nbsp;(fonds Sonia Delaunay)&nbsp;<\/em><\/p>\n\n\n\n<p><strong>1953,<\/strong>&nbsp;novembre<br>Jean Pons et des membres de Cobra&nbsp;: Constant, Stephen Gilbert, Selim Turan, Fran\u00e7ois Willi Wendt.<\/p>\n\n\n\n<p><strong>1953,<\/strong>&nbsp;du 9 au 24&nbsp;novembre<br>Nina-Negri, Gilbert Besan\u00e7on, Marvin Isra\u00ebls, Robert Fonten\u00e9, Henri Olive-Tamari, Michel Leroy, Lempereur-Haut.<br><em><em>Affiche de Lempereur-Haut<\/em><\/em><\/p>\n\n\n\n<p><strong>1953,&nbsp;<\/strong>du 6 au 21 novembre<br>Armand Croquison<br><em><em>annonce dans Art d\u2019aujourd\u2019hui s\u00e9rie 4 n\u00b07,&nbsp;octobre-novembre 1953<\/em><\/em><\/p>\n\n\n\n<p><strong>1953,<\/strong>&nbsp;du 15 d\u00e9cembre au 15 janvier 1954<br>tapisseries,&nbsp;c\u00e9ramiques, peintures<br><em>annonce dans Art d\u2019aujourd\u2019hui s\u00e9rie 4 n\u00b08 d\u00e9cembre 1953&nbsp;&nbsp;<\/em><\/p>\n\n\n\n<p><strong>1954,<\/strong>&nbsp;janvier<br>Mary Webb<br><em>livre d&rsquo;or de l&rsquo;exposition et l&rsquo;<em>article de Michel Seuphor, Art d\u2019aujourd\u2019hui s\u00e9rie 5&nbsp;n\u00b02 et 3, mars-avril 1954<\/em><\/em><\/p>\n\n\n\n<p><strong>1954,<\/strong>&nbsp;27 Avril<br>Jean Pons<br><em>livre d&rsquo;or de l&rsquo;exposition<\/em>&nbsp;<\/p>\n\n\n\n<p><strong>1954,<\/strong>&nbsp;18 Mai au 5 Juin<br>Madeleine Thery<br><em>livre d&rsquo;or de l&rsquo;exposition<\/em>&nbsp;<br><em>annonce dans Art d\u2019aujourd\u2019hui s\u00e9rie 5 n\u00b02 et 3 mars-avril 1954&nbsp;&nbsp;<\/em><\/p>\n\n\n\n<p><strong>1954,<\/strong><br>Exposition organis\u00e9e par Jean Pons, Groupe 54<br>Peintures de Charles Lapicque, Olivier Debr\u00e9, Corneille, Jean Messagier, James Pichette, Serge Poliakoff<br><em>livre d&rsquo;or de l&rsquo;exposition<\/em>&nbsp;<\/p>\n\n\n\n<p><strong>1954,<\/strong><br>Lili Gottfried <br><em>livre d&rsquo;or de l&rsquo;exposition<\/em>\u00a0<\/p>\n\n\n\n<p><strong>1954,<\/strong>&nbsp;26 octobre<br>Gaston Laviolle<br><em>livre d&rsquo;or de l&rsquo;exposition<\/em>&nbsp;<\/p>\n\n\n\n<p><strong>1954,<\/strong>&nbsp;23 novembre-11 d\u00e9cembre<br>Omar Carreno<br><em>livre d&rsquo;or de l&rsquo;exposition<\/em><br><em>listes des expositions art d&rsquo;Aujourd&rsquo;hui s\u00e9rie 5 n\u00b08, d\u00e9cembre 1954<\/em><br><em>article dans Cimaise 2 \u00e8me s\u00e9rie 3, \u00ab\u00a0\u00e9cole et g\u00e9om\u00e9trie\u00a0\u00bb par Claude H\u00e9l\u00e8ne Sibert<\/em><\/p>\n\n\n\n<p><strong>1954,<\/strong>&nbsp;14 d\u00e9cembre-8 janvier 1955<br>Marcelle Cahn, Mary Webb, Gilbert Besan\u00e7on, Henri-Jean Closon, Lempereur-Haut, Henri Olive-Tamari, Albert Vanber, po\u00e8mes de Ren\u00e9 Massat avec des gravures de Pierre Courtin.<br><em>livre d&rsquo;or de l&rsquo;exposition<\/em>&nbsp;<em>&nbsp;<\/em><br><em>annonce dans Cimaise 2 \u00e8me s\u00e9rie 2<\/em><br><em>annonce dans Art d&rsquo;aujourd&rsquo;hui s\u00e9rie 5 n\u00b08, d\u00e9cembre 1954<\/em><br><em>article dans Cimaise 2 \u00e8me s\u00e9rie 4, \u00ab\u00a0exposition de groupe\u00a0\u00bb par Claude H\u00e9l\u00e8ne Sibert<\/em><\/p>\n","protected":false},"excerpt":{"rendered":"<p>Expositions \u00e0 la Galerie Suzanne Michel de 1950 \u00e0 1955 1950, du 28 juin au 19 juilletPaul Cognasse, 1951,Fabris Tristan, exposition personnelle de peinture abstraites 1951,Vanber (Albert Voisin) premiers collages d\u2019affiches lac\u00e9r\u00e9esArtiste de la galerie de 1953 \u00e0 1957 1951, du 15 au 30 juinAtelier Metzinger carton d&rsquo;invitation au vernissage 1951,&nbsp;du 19 d\u00e9cembre au 12&hellip; <a class=\"more-link\" href=\"https:\/\/galeriesuzannemichel.fr\/?page_id=100\">Poursuivre la lecture <span class=\"screen-reader-text\">expositions<\/span><\/a><\/p>\n","protected":false},"author":1,"featured_media":0,"parent":0,"menu_order":0,"comment_status":"closed","ping_status":"closed","template":"","meta":{"footnotes":""},"class_list":["post-100","page","type-page","status-publish","hentry","entry"],"_links":{"self":[{"href":"https:\/\/galeriesuzannemichel.fr\/index.php?rest_route=\/wp\/v2\/pages\/100","targetHints":{"allow":["GET"]}}],"collection":[{"href":"https:\/\/galeriesuzannemichel.fr\/index.php?rest_route=\/wp\/v2\/pages"}],"about":[{"href":"https:\/\/galeriesuzannemichel.fr\/index.php?rest_route=\/wp\/v2\/types\/page"}],"author":[{"embeddable":true,"href":"https:\/\/galeriesuzannemichel.fr\/index.php?rest_route=\/wp\/v2\/users\/1"}],"replies":[{"embeddable":true,"href":"https:\/\/galeriesuzannemichel.fr\/index.php?rest_route=%2Fwp%2Fv2%2Fcomments&post=100"}],"version-history":[{"count":23,"href":"https:\/\/galeriesuzannemichel.fr\/index.php?rest_route=\/wp\/v2\/pages\/100\/revisions"}],"predecessor-version":[{"id":402,"href":"https:\/\/galeriesuzannemichel.fr\/index.php?rest_route=\/wp\/v2\/pages\/100\/revisions\/402"}],"wp:attachment":[{"href":"https:\/\/galeriesuzannemichel.fr\/index.php?rest_route=%2Fwp%2Fv2%2Fmedia&parent=100"}],"curies":[{"name":"wp","href":"https:\/\/api.w.org\/{rel}","templated":true}]}}