{"id":99,"date":"2023-06-08T21:30:30","date_gmt":"2023-06-08T19:30:30","guid":{"rendered":"http:\/\/galeriesuzannemichel.fr\/?page_id=99"},"modified":"2026-02-19T21:23:44","modified_gmt":"2026-02-19T20:23:44","slug":"artistes","status":"publish","type":"page","link":"https:\/\/galeriesuzannemichel.fr\/?page_id=99","title":{"rendered":"artistes"},"content":{"rendered":"\n<p><strong>Artistes expos\u00e9s \u00e0 la galerie\u00a0de 1950 \u00e0 1955 :<\/strong><br>Arden Quin Carmello (1913-2010), Audebes Ren\u00e9 (1922-1993),<br>Augereau Claude (1927-1988), Besan\u00e7on Gilbert (1903-1983),<br>Cahn Marcelle (1895-1981), Chewett Jocelyn (1906-1979),<br>Cognasse Paul (1914-1993), Constant\u00a0Anton Nieuwenhuys (1920-2005), Corneille (1922-2010),<br>Carreno Omar Rafael (1927-2013),<br>Closon Henri-Jean (1888-1975), Croquison Armand (-),<br>Courtin Pierre ( 1921-2012), Debr\u00e9 Olivier (1920-1999), Duvillier Ren\u00e9 (1919-2002), Fabris Tristan (1927-1989), Fonten\u00e9 Robert (1892-1980), Gilbert Stephen (1910-2007),<br>Goulet Claude (1925-1994), Guevara Moreno Luis(1926-2010),<br>Lili Gottfried (-),<br>Israels marvin(1924-1985), Koskas Georges (1922-2013),<br>Kosnick-Kloss Jeanne (1892-1966), Lambert Paul (-),<br>Lapique Pierre-Charles (1898-1988), Laviolle Gaston(1906-),<br>Lempereur-Haut Marcel (1898-1986),<br>L\u00e9rein Guy-Claude (1928-2013),<br>Leroy Michel (-), Loubchansky Marcelle (1912-1988)<br>MADI groupe, Messagier Jean (1920-1999),<br>Metzinger Jean (1883-1956),<br>Nunez Ruben (1930-2012), Devrim Nejad (1923-1995),<br>Olive-Tamari Henri (1898-1980), Otero Alejandro (1921-1990),<br>Pichette James (1920-1996), Poliakoff Serge (1900-1969), Pons Jean, (1913-2005), Ranger H\u00e9l\u00e8ne (-),<br>Roitman Volf (1930-2010), Sallaz Georges (-),<br>Selim Turan (1915-1994), Soto\u00a0Jesus Rafael (1923-2005),<br>Thery Madeleine (1910-), Thieler Fred (1916-1999),<br>Tristan\u00a0Fabris (1927-1989), Vanber (Albert Voisin 1905-1994),<br>Webb Mary\u00a0(1901-1958), Wendt fran\u00e7ois Willi (1909-1970),<br>Youngerman Jack (1926-2020), Zeid Fahrelnissa (1901-1991)<\/p>\n\n\n\n<p><strong>artistes de l&rsquo;exposition Le Bateau Lavoir, mai 1952<\/strong><\/p>\n\n\n\n<p>Apollinaire (1880-1918),<br>Braque Georges (1882-1963),<br>Delaunay Sonia (1885-1979),<br>Gleizes Albert(1881-1953),<br>Gris Juan (1887-1927),<br>Herbin Auguste (1882-1960),<br>Jacob Max (1876-1944),<br>La Fresnaye Roger de (1885-1925),<br>Laurencin Marie (1883-1956),<br>Lerger Fernand (1881-1955),<br>Lhote Andr\u00e9 (1885-1962),<br>Marcoussis Louis (1878-1941),<br>Metzinger Jean (1883-1956),<br>Picasso Pablo (1881-1973),<br>Picabia Francis (1879-1953)<br>Valmier Georges (1885-1937),<br>Villon Jacques (1875-1963)<\/p>\n","protected":false},"excerpt":{"rendered":"<p>Artistes expos\u00e9s \u00e0 la galerie\u00a0de 1950 \u00e0 1955 :Arden Quin Carmello (1913-2010), Audebes Ren\u00e9 (1922-1993),Augereau Claude (1927-1988), Besan\u00e7on Gilbert (1903-1983),Cahn Marcelle (1895-1981), Chewett Jocelyn (1906-1979),Cognasse Paul (1914-1993), Constant\u00a0Anton Nieuwenhuys (1920-2005), Corneille (1922-2010),Carreno Omar Rafael (1927-2013),Closon Henri-Jean (1888-1975), Croquison Armand (-),Courtin Pierre ( 1921-2012), Debr\u00e9 Olivier (1920-1999), Duvillier Ren\u00e9 (1919-2002), Fabris Tristan (1927-1989), Fonten\u00e9 Robert (1892-1980),&hellip; <a class=\"more-link\" href=\"https:\/\/galeriesuzannemichel.fr\/?page_id=99\">Poursuivre la lecture <span class=\"screen-reader-text\">artistes<\/span><\/a><\/p>\n","protected":false},"author":1,"featured_media":0,"parent":0,"menu_order":0,"comment_status":"closed","ping_status":"closed","template":"","meta":{"footnotes":""},"class_list":["post-99","page","type-page","status-publish","hentry","entry"],"_links":{"self":[{"href":"https:\/\/galeriesuzannemichel.fr\/index.php?rest_route=\/wp\/v2\/pages\/99","targetHints":{"allow":["GET"]}}],"collection":[{"href":"https:\/\/galeriesuzannemichel.fr\/index.php?rest_route=\/wp\/v2\/pages"}],"about":[{"href":"https:\/\/galeriesuzannemichel.fr\/index.php?rest_route=\/wp\/v2\/types\/page"}],"author":[{"embeddable":true,"href":"https:\/\/galeriesuzannemichel.fr\/index.php?rest_route=\/wp\/v2\/users\/1"}],"replies":[{"embeddable":true,"href":"https:\/\/galeriesuzannemichel.fr\/index.php?rest_route=%2Fwp%2Fv2%2Fcomments&post=99"}],"version-history":[{"count":29,"href":"https:\/\/galeriesuzannemichel.fr\/index.php?rest_route=\/wp\/v2\/pages\/99\/revisions"}],"predecessor-version":[{"id":403,"href":"https:\/\/galeriesuzannemichel.fr\/index.php?rest_route=\/wp\/v2\/pages\/99\/revisions\/403"}],"wp:attachment":[{"href":"https:\/\/galeriesuzannemichel.fr\/index.php?rest_route=%2Fwp%2Fv2%2Fmedia&parent=99"}],"curies":[{"name":"wp","href":"https:\/\/api.w.org\/{rel}","templated":true}]}}